{"id":797,"date":"2023-09-27T16:46:06","date_gmt":"2023-09-27T16:46:06","guid":{"rendered":"http:\/\/www.akersan.com.tr\/?page_id=797"},"modified":"2023-09-29T18:38:52","modified_gmt":"2023-09-29T18:38:52","slug":"akersan-insaat","status":"publish","type":"page","link":"https:\/\/www.akersan.com.tr\/?page_id=797","title":{"rendered":"Akersan \u0130n\u015faat"},"content":{"rendered":"\t\t<div data-elementor-type=\"wp-page\" data-elementor-id=\"797\" class=\"elementor elementor-797\">\n\t\t\t\t<div class=\"elementor-element elementor-element-5cbe76d e-con-full e-flex e-con e-parent\" data-id=\"5cbe76d\" data-element_type=\"container\" data-e-type=\"container\" data-settings=\"{&quot;background_background&quot;:&quot;classic&quot;}\">\n\t\t\t\t<div class=\"elementor-element elementor-element-1df505d elementor-widget elementor-widget-spacer\" data-id=\"1df505d\" data-element_type=\"widget\" data-e-type=\"widget\" data-widget_type=\"spacer.default\">\n\t\t\t\t<div class=\"elementor-widget-container\">\n\t\t\t\t\t\t\t<div class=\"elementor-spacer\">\n\t\t\t<div class=\"elementor-spacer-inner\"><\/div>\n\t\t<\/div>\n\t\t\t\t\t\t<\/div>\n\t\t\t\t<\/div>\n\t\t\t\t<\/div>\n\t\t<div class=\"elementor-element elementor-element-567471b e-flex e-con-boxed e-con e-parent\" data-id=\"567471b\" data-element_type=\"container\" data-e-type=\"container\">\n\t\t\t\t\t<div class=\"e-con-inner\">\n\t\t\t\t<div class=\"elementor-element elementor-element-8c012a5 elementor-widget elementor-widget-spacer\" data-id=\"8c012a5\" data-element_type=\"widget\" data-e-type=\"widget\" data-widget_type=\"spacer.default\">\n\t\t\t\t<div class=\"elementor-widget-container\">\n\t\t\t\t\t\t\t<div class=\"elementor-spacer\">\n\t\t\t<div class=\"elementor-spacer-inner\"><\/div>\n\t\t<\/div>\n\t\t\t\t\t\t<\/div>\n\t\t\t\t<\/div>\n\t\t<div class=\"elementor-element elementor-element-a0b6b90 e-flex e-con-boxed e-con e-child\" data-id=\"a0b6b90\" data-element_type=\"container\" data-e-type=\"container\">\n\t\t\t\t\t<div class=\"e-con-inner\">\n\t\t\t\t<div class=\"elementor-element elementor-element-515148b elementor-widget elementor-widget-heading\" data-id=\"515148b\" data-element_type=\"widget\" data-e-type=\"widget\" data-widget_type=\"heading.default\">\n\t\t\t\t<div class=\"elementor-widget-container\">\n\t\t\t\t\t<h2 class=\"elementor-heading-title elementor-size-default\">Akersan \u0130n\u015faat<\/h2>\t\t\t\t<\/div>\n\t\t\t\t<\/div>\n\t\t\t\t\t<\/div>\n\t\t\t\t<\/div>\n\t\t\t\t\t<\/div>\n\t\t\t\t<\/div>\n\t\t<div class=\"elementor-element elementor-element-296d03b e-flex e-con-boxed e-con e-parent\" data-id=\"296d03b\" data-element_type=\"container\" data-e-type=\"container\">\n\t\t\t\t\t<div class=\"e-con-inner\">\n\t\t\t\t<div class=\"elementor-element elementor-element-ecbf31a elementor-widget elementor-widget-spacer\" data-id=\"ecbf31a\" data-element_type=\"widget\" data-e-type=\"widget\" data-widget_type=\"spacer.default\">\n\t\t\t\t<div class=\"elementor-widget-container\">\n\t\t\t\t\t\t\t<div class=\"elementor-spacer\">\n\t\t\t<div class=\"elementor-spacer-inner\"><\/div>\n\t\t<\/div>\n\t\t\t\t\t\t<\/div>\n\t\t\t\t<\/div>\n\t\t<div class=\"elementor-element elementor-element-b746367 e-flex e-con-boxed e-con e-child\" data-id=\"b746367\" data-element_type=\"container\" data-e-type=\"container\">\n\t\t\t\t\t<div class=\"e-con-inner\">\n\t\t\t\t<div class=\"elementor-element elementor-element-265a2de elementor-align-center elementor-widget elementor-widget-button\" data-id=\"265a2de\" data-element_type=\"widget\" data-e-type=\"widget\" data-widget_type=\"button.default\">\n\t\t\t\t<div class=\"elementor-widget-container\">\n\t\t\t\t\t\t\t\t\t<div class=\"elementor-button-wrapper\">\n\t\t\t\t\t<a class=\"elementor-button elementor-button-link elementor-size-sm\" href=\"tel:+905327879209\">\n\t\t\t\t\t\t<span class=\"elementor-button-content-wrapper\">\n\t\t\t\t\t\t\t\t\t<span class=\"elementor-button-text\">iN\u015eAAT H\u0130ZMETLER\u0130M\u0130Z \u0130\u00c7\u0130N L\u00dcTFEN TIKLAYINIZ<\/span>\n\t\t\t\t\t<\/span>\n\t\t\t\t\t<\/a>\n\t\t\t\t<\/div>\n\t\t\t\t\t\t\t\t<\/div>\n\t\t\t\t<\/div>\n\t\t\t\t\t<\/div>\n\t\t\t\t<\/div>\n\t\t\t\t\t<\/div>\n\t\t\t\t<\/div>\n\t\t<div class=\"elementor-element elementor-element-02a3506 e-flex e-con-boxed e-con e-parent\" data-id=\"02a3506\" data-element_type=\"container\" data-e-type=\"container\">\n\t\t\t\t\t<div class=\"e-con-inner\">\n\t\t\t\t<div class=\"elementor-element elementor-element-eb628e2 elementor-widget elementor-widget-text-editor\" data-id=\"eb628e2\" data-element_type=\"widget\" data-e-type=\"widget\" data-widget_type=\"text-editor.default\">\n\t\t\t\t<div class=\"elementor-widget-container\">\n\t\t\t\t\t\t\t\t\t<p>\u0130n\u015faat taahh\u00fct ve malzeme sat\u0131\u015f\u0131.\u00a0<strong>Proje ve Taahh\u00fct<\/strong><br \/>\u00a0Proje asamasinda kesiflendirilen islerin teklif kabulu sonrasi proje asamasinda gerekli \u00e7alismalar ekibimiz tarafindan titizlikle incelendikten sonra Fizibilite Raporu hazirlanir. Uygulama asamasi m\u00fchendislerimiz denetiminde altyapi ve mekanik konstr\u00fcksiyon \u00e7alismasi ile devam eder.<\/p>\t\t\t\t\t\t\t\t<\/div>\n\t\t\t\t<\/div>\n\t\t\t\t\t<\/div>\n\t\t\t\t<\/div>\n\t\t<div class=\"elementor-element elementor-element-f3555ec e-flex e-con-boxed e-con e-parent\" data-id=\"f3555ec\" data-element_type=\"container\" data-e-type=\"container\">\n\t\t\t\t\t<div class=\"e-con-inner\">\n\t\t\t\t<div class=\"elementor-element elementor-element-8a29945 elementor-widget elementor-widget-spacer\" data-id=\"8a29945\" data-element_type=\"widget\" data-e-type=\"widget\" data-widget_type=\"spacer.default\">\n\t\t\t\t<div class=\"elementor-widget-container\">\n\t\t\t\t\t\t\t<div class=\"elementor-spacer\">\n\t\t\t<div class=\"elementor-spacer-inner\"><\/div>\n\t\t<\/div>\n\t\t\t\t\t\t<\/div>\n\t\t\t\t<\/div>\n\t\t\t\t\t<\/div>\n\t\t\t\t<\/div>\n\t\t<div class=\"elementor-element elementor-element-361d41d e-flex e-con-boxed e-con e-parent\" data-id=\"361d41d\" data-element_type=\"container\" data-e-type=\"container\">\n\t\t\t\t\t<div class=\"e-con-inner\">\n\t\t<div class=\"elementor-element elementor-element-0ea9e76 e-con-full e-flex e-con e-child\" data-id=\"0ea9e76\" data-element_type=\"container\" data-e-type=\"container\">\n\t\t\t\t<div class=\"elementor-element elementor-element-902d33c elementor-widget elementor-widget-image\" data-id=\"902d33c\" data-element_type=\"widget\" data-e-type=\"widget\" data-widget_type=\"image.default\">\n\t\t\t\t<div class=\"elementor-widget-container\">\n\t\t\t\t\t\t\t\t\t\t\t\t\t\t\t<img fetchpriority=\"high\" decoding=\"async\" width=\"1024\" height=\"358\" src=\"https:\/\/www.akersan.com.tr\/wp-content\/uploads\/2023\/09\/arsal-insaat-hakkimizda-1024x358.jpg\" class=\"attachment-large size-large wp-image-753\" alt=\"\" srcset=\"https:\/\/www.akersan.com.tr\/wp-content\/uploads\/2023\/09\/arsal-insaat-hakkimizda-1024x358.jpg 1024w, https:\/\/www.akersan.com.tr\/wp-content\/uploads\/2023\/09\/arsal-insaat-hakkimizda-300x105.jpg 300w, https:\/\/www.akersan.com.tr\/wp-content\/uploads\/2023\/09\/arsal-insaat-hakkimizda-768x269.jpg 768w, https:\/\/www.akersan.com.tr\/wp-content\/uploads\/2023\/09\/arsal-insaat-hakkimizda.jpg 1200w\" sizes=\"(max-width: 1024px) 100vw, 1024px\" \/>\t\t\t\t\t\t\t\t\t\t\t\t\t\t\t<\/div>\n\t\t\t\t<\/div>\n\t\t\t\t<\/div>\n\t\t<div class=\"elementor-element elementor-element-aeea65e e-con-full e-flex e-con e-child\" data-id=\"aeea65e\" data-element_type=\"container\" data-e-type=\"container\">\n\t\t\t\t<div class=\"elementor-element elementor-element-d08e466 elementor-widget elementor-widget-image\" data-id=\"d08e466\" data-element_type=\"widget\" data-e-type=\"widget\" data-widget_type=\"image.default\">\n\t\t\t\t<div class=\"elementor-widget-container\">\n\t\t\t\t\t\t\t\t\t\t\t\t\t\t\t<img decoding=\"async\" width=\"411\" height=\"123\" src=\"https:\/\/www.akersan.com.tr\/wp-content\/uploads\/2023\/09\/images.jpeg\" class=\"attachment-large size-large wp-image-752\" alt=\"\" srcset=\"https:\/\/www.akersan.com.tr\/wp-content\/uploads\/2023\/09\/images.jpeg 411w, https:\/\/www.akersan.com.tr\/wp-content\/uploads\/2023\/09\/images-300x90.jpeg 300w\" sizes=\"(max-width: 411px) 100vw, 411px\" \/>\t\t\t\t\t\t\t\t\t\t\t\t\t\t\t<\/div>\n\t\t\t\t<\/div>\n\t\t\t\t<\/div>\n\t\t<div class=\"elementor-element elementor-element-cd2317e e-con-full e-flex e-con e-child\" data-id=\"cd2317e\" data-element_type=\"container\" data-e-type=\"container\">\n\t\t\t\t<div class=\"elementor-element elementor-element-80847eb elementor-widget elementor-widget-image\" data-id=\"80847eb\" data-element_type=\"widget\" data-e-type=\"widget\" data-widget_type=\"image.default\">\n\t\t\t\t<div class=\"elementor-widget-container\">\n\t\t\t\t\t\t\t\t\t\t\t\t\t\t\t<img decoding=\"async\" width=\"335\" height=\"150\" src=\"https:\/\/www.akersan.com.tr\/wp-content\/uploads\/2023\/09\/indir-1.jpeg\" class=\"attachment-large size-large wp-image-754\" alt=\"\" srcset=\"https:\/\/www.akersan.com.tr\/wp-content\/uploads\/2023\/09\/indir-1.jpeg 335w, https:\/\/www.akersan.com.tr\/wp-content\/uploads\/2023\/09\/indir-1-300x134.jpeg 300w\" sizes=\"(max-width: 335px) 100vw, 335px\" \/>\t\t\t\t\t\t\t\t\t\t\t\t\t\t\t<\/div>\n\t\t\t\t<\/div>\n\t\t\t\t<\/div>\n\t\t\t\t\t<\/div>\n\t\t\t\t<\/div>\n\t\t<div class=\"elementor-element elementor-element-97f9567 e-flex e-con-boxed e-con e-parent\" data-id=\"97f9567\" data-element_type=\"container\" data-e-type=\"container\">\n\t\t\t\t\t<div class=\"e-con-inner\">\n\t\t\t\t<div class=\"elementor-element elementor-element-c528978 elementor-widget elementor-widget-image\" data-id=\"c528978\" data-element_type=\"widget\" data-e-type=\"widget\" data-widget_type=\"image.default\">\n\t\t\t\t<div class=\"elementor-widget-container\">\n\t\t\t\t\t\t\t\t\t\t\t\t\t\t\t\t<a href=\"http:\/\/www.akersan.com.tr\/?page_id=883\">\n\t\t\t\t\t\t\t<img loading=\"lazy\" decoding=\"async\" width=\"587\" height=\"720\" src=\"https:\/\/www.akersan.com.tr\/wp-content\/uploads\/2023\/09\/Ekran-goruntusu-2023-05-12-223124.png\" class=\"attachment-large size-large wp-image-890\" alt=\"\" srcset=\"https:\/\/www.akersan.com.tr\/wp-content\/uploads\/2023\/09\/Ekran-goruntusu-2023-05-12-223124.png 587w, https:\/\/www.akersan.com.tr\/wp-content\/uploads\/2023\/09\/Ekran-goruntusu-2023-05-12-223124-245x300.png 245w\" sizes=\"(max-width: 587px) 100vw, 587px\" \/>\t\t\t\t\t\t\t\t<\/a>\n\t\t\t\t\t\t\t\t\t\t\t\t\t\t\t<\/div>\n\t\t\t\t<\/div>\n\t\t\t\t\t<\/div>\n\t\t\t\t<\/div>\n\t\t\t\t<\/div>\n\t\t","protected":false},"excerpt":{"rendered":"<p>Akersan \u0130n\u015faat iN\u015eAAT H\u0130ZMETLER\u0130M\u0130Z \u0130\u00c7\u0130N L\u00dcTFEN TIKLAYINIZ \u0130n\u015faat taahh\u00fct ve malzeme sat\u0131\u015f\u0131.\u00a0Proje ve Taahh\u00fct\u00a0Proje asamasinda kesiflendirilen islerin teklif kabulu sonrasi proje asamasinda gerekli \u00e7alismalar ekibimiz tarafindan titizlikle incelendikten sonra Fizibilite Raporu hazirlanir. Uygulama asamasi m\u00fchendislerimiz denetiminde altyapi ve mekanik konstr\u00fcksiyon \u00e7alismasi ile devam eder.<\/p>\n","protected":false},"author":1,"featured_media":0,"parent":0,"menu_order":0,"comment_status":"closed","ping_status":"closed","template":"","meta":{"googlesitekit_rrm_CAowp6-_DA:productID":"","_kadence_starter_templates_imported_post":false,"_kad_post_transparent":"","_kad_post_title":"hide","_kad_post_layout":"fullwidth","_kad_post_sidebar_id":"","_kad_post_content_style":"unboxed","_kad_post_vertical_padding":"hide","_kad_post_feature":"hide","_kad_post_feature_position":"","_kad_post_header":false,"_kad_post_footer":false,"_kad_post_classname":"","footnotes":""},"class_list":["post-797","page","type-page","status-publish","hentry"],"_links":{"self":[{"href":"https:\/\/www.akersan.com.tr\/index.php?rest_route=\/wp\/v2\/pages\/797","targetHints":{"allow":["GET"]}}],"collection":[{"href":"https:\/\/www.akersan.com.tr\/index.php?rest_route=\/wp\/v2\/pages"}],"about":[{"href":"https:\/\/www.akersan.com.tr\/index.php?rest_route=\/wp\/v2\/types\/page"}],"author":[{"embeddable":true,"href":"https:\/\/www.akersan.com.tr\/index.php?rest_route=\/wp\/v2\/users\/1"}],"replies":[{"embeddable":true,"href":"https:\/\/www.akersan.com.tr\/index.php?rest_route=%2Fwp%2Fv2%2Fcomments&post=797"}],"version-history":[{"count":13,"href":"https:\/\/www.akersan.com.tr\/index.php?rest_route=\/wp\/v2\/pages\/797\/revisions"}],"predecessor-version":[{"id":1021,"href":"https:\/\/www.akersan.com.tr\/index.php?rest_route=\/wp\/v2\/pages\/797\/revisions\/1021"}],"wp:attachment":[{"href":"https:\/\/www.akersan.com.tr\/index.php?rest_route=%2Fwp%2Fv2%2Fmedia&parent=797"}],"curies":[{"name":"wp","href":"https:\/\/api.w.org\/{rel}","templated":true}]}}